.
3
Let l(y) = y**3 + 5*y**2 + 1. Let p = 3 - 1. Suppose -2*i - 4*j = -25 - 1, -p*j = -10. Suppose -i*q = -q + 10. Calculate l(q).
1
Let b = 19 + -15. Let f(p) = b - 5 - 2*p - 2*p - p + p**2. Let i be (-2)/(-5) - (-36)/10. What is f(i)?
-5
Suppose -2 = 2*w - 0. Let f(x) = x**2 - 2*x - 1. Let y be f(w). Let t(z) = y*z**2 + 6*z - 5*z - z**2 + 2. What is t(-2)?
4
Suppose 2*r + 14 = 5*k + 5*r, -3*k = 4*r - 4. Suppose -3*s + k = -2. Let v(x) = -4 - s - 1 - 2*x + 3*x. Calculate v(0).
-7
Suppose 0 = -4*b - 0*b + 16. Suppose -z - 13 = -3*z + m, 0 = -2*z - 4*m - 2. Let n(c) = b*c - 3*c + z + 6*c**2 - 4. Determine n(-1).
6
Let j(l) = 1. Let h(q) = -q**3 - 3*q**2 - 3*q - 1. Let o be h(-2). Let m(f) = f**2 - 2*f + 3. Let v(i) = o*m(i) - 6*j(i). Calculate v(3).
0
Suppose -f = -2*f. Let u = 2 + f. Suppose -u - 4 = 3*b. Let g(z) = z**2 + 3*z + 3. Calculate g(b).
1
Let f(w) be the first derivative of 3*w**2/2 + 6*w + 24. Let n(r) = -r**2 + 4*r + 7. Let p be n(6). Calculate f(p).
-9
Suppose 0 = -4*h - 1 + 5. Suppose 2*t - 3 = n, -5*n + 1 = 6. Let q(s) = 0 - t - 3*s - h + 3 - s**2. Give q(-5).
-9
Let u(v) = 7*v - 14*v - 7 + 3. Determine u(-3).
17
Let f = 14 - 13. Let y(c) = -6*c - 2 - f + 0*c**2 + c**2. Determine y(7).
4
Let v(z) = 2*z**2 - 14*z + 1. Let l(f) = f**2 - 12*f + 2. Let q(p) = -3*l(p) + 2*v(p). Calculate q(-6).
-16
Let y(k) = -34*k**2 - 19*k + 25*k + 33*k**2 + 7. Give y(7).
0
Suppose -b + 18 = 4*o, -2*b - 6*o = -2*o - 16. Let a(z) be the first derivative of 0*z + 1/3*z**3 + 1 + 1/4*z**4 + 0*z**2. Give a(b).
-4
Suppose -5 = -2*j + 1. Suppose j*n - 8*n = 5. Let f be (0 - 0)/(n + 2). Let y(v) = -v**2 - v + 5. Give y(f).
5
Let v(o) = -2*o + 11. Let y(j) = -4*j + 21. Let x(t) = -7*v(t) + 4*y(t). Let p = 14 - 9. Calculate x(p).
-3
Let x(i) = 5 + 19*i + 20*i - 35*i. Let r be (1 - (-5)/(-3))/(2/12). What is x(r)?
-11
Let w(i) = -i**3 - 4*i**2 - i - 2. Let b = 43 - 46. Give w(b).
-8
Let x(c) = 4*c + 1. Let g be (-42)/14 - (-1 + -1). Give x(g).
-3
Let g(v) = 3*v**2 - 5*v - 1. Let b(h) = -10*h**2 + 15*h + 2. Let s(l) = -2*b(l) - 7*g(l). Calculate s(6).
-3
Let u(g) = -5*g**2 - g - 1. Let w(y) = y + 4. Suppose 0*i + 5*h + 10 = -4*i, 3*h = 2*i + 16. Let v be w(i). Determine u(v).
-5
Let x(g) = -3*g**2 - 5*g + 14. Let r(a) = -3*a**2 - 3*a**2 + 21 - 5*a - 3*a + 2*a**2. Let p(h) = -5*r(h) + 7*x(h). Calculate p(5).
-7
Let n(b) = 8*b - b**2 + 2*b**2 + 2*b + 6 - 3*b. Give n(-4).
-6
Let c(x) be the first derivative of -x**2/2 - 10*x + 5. Give c(-7).
-3
Let s(m) = -6*m - 2. Let d = -21 + 23. Determine s(d).
-14
Let d(u) = u - 2. Suppose 5*v = -4*v - 63. Give d(v).
-9
Let i(k) = k**2 + 4*k - 2. Let v be ((-2)/3)/((-4)/18). Suppose -f - 24 = v*f. Let h be (-10)/2 - (4 + f). Determine i(h).
-5
Let w(p) be the second derivative of p**5/20 + p**4/2 + p**3/3 + p**2/2 - 5*p. Give w(-6).
-11
Let o(y) = y**2 - 7*y + 7. Let t be o(5). Let b = 4 - 1. Let h = b + t. Let z(a) = -a + 4. Calculate z(h).
4
Let j(s) be the third derivative of 0*s + 8*s**2 + 1/6*s**3 + 1/24*s**4 + 0. What is j(-5)?
-4
Let u(x) = 6*x**2 + 6*x. Let r(t) = -t**2 - 1. Let l(a) = 5*r(a) + u(a). Let o(g) = g - 6. Let i be o(0). What is l(i)?
-5
Let c(w) be the second derivative of -w**4/12 - 7*w**3/6 - w**2 + 16*w. Calculate c(-6).
4
Let q be (-2 + 2)*(-2)/2. Suppose 2*h = -q*h. Let j(z) = -z + 1. Let m(x) = 5*x - 10. Let f(w) = -4*j(w) - m(w). What is f(h)?
6
Let d(n) = 3*n**2 - n + 1. Let f be d(1). Suppose 2*i - f = -5*w, -5*w + 5*i + 8 = -2. Let p(b) = -w - 3*b - 5 + 4. What is p(-2)?
4
Let y = 57 - 68. Let l(v) = v**2 + 11*v + 2. What is l(y)?
2
Let k(j) = 5*j - 1. Let p(y) be the third derivative of 3*y**4/8 - y**3/2 - 5*y**2. Let c(s) = -5*k(s) + 3*p(s). What is c(4)?
4
Suppose 0 = l + 4*b - 20, -2*l + 6*l + 3*b = 15. Let v(j) = 3*j**2 + l + 0 - 4*j**2 - 6*j. What is v(-6)?
0
Let b(l) = 51 + 0*l - 52 - l. Give b(-7).
6
Let a(i) be the first derivative of i**2/2 + 6*i - 1. Let c(h) = 16*h + 160. Let d be c(-10). Determine a(d).
6
Let u(d) be the second derivative of d**4/12 - d**3/3 - 5*d**2/2 - d. What is u(4)?
3
Let l(h) be the first derivative of h**4/24 + h**2 - 1. Let w(p) be the second derivative of l(p). Let c be ((-3)/7)/((-2)/14). What is w(c)?
3
Let l(b) = b**3 - b**2 - b. Let a(x) = x + 3. Let k be a(-3). Let i be 3*(-2)/(-6) - k. Calculate l(i).
-1
Let i(c) be the second derivative of -c**3/6 + c**2/2 - c. Let u = 0 - -1. Suppose -r + 4 = u. Calculate i(r).
-2
Let d(o) = o**3 + 9*o**2 + 7*o - 10. Let q be d(-8). Let j be (0 - (-2 - q))/(-2). Let g be 1 + j - (-3)/1. Let h(s) = -s**2 + 4*s + 4. Determine h(g).
4
Let n(j) = -j**3 - 2*j**2 - 2*j + 2. Let v = 18 - 20. Let h be n(v). Let g(l) = -l**3 + 6*l**2 - l + 5. Calculate g(h).
-1
Suppose 4*r - 3*r - 5*n = 18, 3*r - 15 = 2*n. Suppose -3*a = 5*t + 31, 0 = 2*t - t - 4*a - r. Let u(h) = -h - 2. What is u(t)?
3
Let a(t) = -3*t**3 + 7*t**2 - 1. Let j(k) = k**3 - 3*k**2 + 1. Let u(s) = 2*a(s) + 5*j(s). Let h be u(0). Let n(q) = -q**3 + 3*q**2 + q + 2. Determine n(h).
5
Suppose 12 = -3*u - 4*i - 23, -4*u - i = 25. Let v = u - -9. Let n(r) = -r**2 + 5*r + 3. Calculate n(v).
7
Let g be 4/((-8)/(-2))*(-1 + 0). Let s(l) = 10*l**2 + 1. Determine s(g).
11
Let s(f) be the first derivative of -2*f + 5/2*f**2 - 2 + 5/3*f**3 + 1/4*f**4. Suppose -3 - 5 = 2*u. Give s(u).
-6
Suppose 0 = 3*i + f - 4, -3*i - 3*f - f - 2 = 0. Let g be -2*((-5)/i)/5. Let t(w) be the second derivative of -w**5/20 + w**4/12 - 3*w. Calculate t(g).
0
Let y be (-2)/7 + (-9)/(-7). Let c(l) be the first derivative of l**4 + l**2/2 + 23. Determine c(y).
5
Let r(b) = b**2 - 6*b + 4. Let s = -13 + 18. Suppose 0 = -2*h + s*d + 35, -h + d = 2*d. Determine r(h).
-1
Suppose y + 3*y = 24. Let f(n) be the first derivative of -n**3/3 + 4*n**2 - 5*n + 1. Determine f(y).
7
Suppose -4*f = 5*v - 10, -30 = 3*v - 5*f + 1. Let s be (-7 - 2)/((-3)/v). Let d(m) = -m**3 - 5*m**2 + 8*m + 8. What is d(s)?
-4
Let z be 18/(-8) + (-4)/(-16). Let w be (1 - z/(-4))*2. Let u(d) = -12*d**3 - d**2. Calculate u(w).
-13
Let u(d) = -2*d - 4. Let q(c) = 3*c + 6. Let p(i) = -5*q(i) - 7*u(i). Let w be p(-1). Let t(m) = 11*m + 1. Give t(w).
-10
Let z(j) = -5*j. Let l(n) = n**3 - 11*n**2 + 9*n + 11. Let o be l(10). What is z(o)?
-5
Let z(m) be the third derivative of 0*m**4 + 1/60*m**5 - 2*m**2 + 0*m - 1/2*m**3 + 0. Calculate z(3).
6
Suppose 0 = -5*h - 0*h - 30. Let p(w) = -2*w. Give p(h).
12
Let l(z) = -z**2 + 5*z + 8. Suppose 3*s = -4*g + 21, -5*s + 21 = -2*s - 3*g. Let t be l(s). Let u(a) = -a**2 - 6*a - 7. Give u(t).
-7
Let a(k) be the first derivative of k**3/3 + k**2/2 - k - 5. Let v be 9 + -11 - (0 - 3). What is a(v)?
1
Let x(h) = -h**2 + 3*h. Suppose 1 = 4*g - 7. Calculate x(g).
2
Let r(u) = 3*u - u**2 + 0*u**2 + 4*u**2 - u**3 + 2*u**3. What is r(-2)?
-2
Let v(q) = -2*q. Suppose 19 = 4*k - 1. Suppose 0 = k*b - 0*b + 20. What is v(b)?
8
Let c(g) = -10*g + 1. Suppose -4*b - 5 = b. What is c(b)?
11
Let c be (-1)/1*35/(-5). Let z(s) = -9 + 3*s**2 - 2*s**2 + 10 - c*s. Calculate z(6).
-5
Let d(p) = 2*p + 10. Let c be d(-7). Let t(k) = -3*k**2 + 9*k. Let b(l) = 4*l**2 - 10*l - 1. Let m(i) = -4*b(i) - 5*t(i). Determine m(c).
8
Let q(h) = 4 - 3*h**2 + 5*h**2 - h**2 - 8*h - 6. What is q(6)?
-14
Let x(f) = f. Let b(s) = -5*s - 11. Let l(o) = -b(o) - 6*x(o). Suppose 2*h + 5*g - 21 - 9 = 0, h - 21 = -4*g. Determine l(h).
6
Let t(g) = -5 - 371*g**2 + 372*g**2 + 5. Calculate t(-2).
4
Let v(m) = -10*m**2 - 3*m + 3. Let n(q) = 7*q**2 + 2*q - 2. Let i(d) = -7*n(d) - 5*v(d). Give i(1).
1
Let t(f) be the third derivative of f**3 + 1/120*f**6 + 0 + 7/24*f**4 + 0*f + 1/10*f**5 - 2*f**2. What is t(-5)?
-4
Let f(u) = -4*u - 66. Let n be f(-17). Let j(m) = -4*m + 5. Let w(t) = 5*t - 6. Let a(y) = 4*j(y) + 3*w(y). Give a(n).
0
Let l(w) = w + 5. Let q = 70 - 65. Calculate l(q).
10
Let d(h) be the second derivative of -h**4/12 + h**3/6 + 5*h**2/2 - 9*h. Calculate d(0).
5
Let o(a) = -a - 8. Let q(v) be the first derivative of v**2 + 9*v + 5. Let h = 6 - 4. Let r(l) = h*q(l) + 3*o(l). Give r(0).
-6
Let h = 58 + -49. Let c(o) = -o**2 + 9*o + 4. What is c(h)?
4
Let x(h) = -6*h + 1 + 10*h - 11*h. Determine x(2).
-13
Let s(u) be the first derivative of u**2/2 + 6*u - 3. Let p(j) be the second derivative of j**3/6 + j**2/2 - 2*j. Let m be p(-6). De